mainder when 8070980 is divided by 1409.
228
Calculate the remainder when 96411 is divided by 498.
297
Calculate the remainder when 46909111 is divided by 655.
631
Calculate the remainder when 1800220 is divided by 300032.
28
What is the remainder when 18187072 is divided by 6804?
6784
What is the remainder when 80102 is divided by 154?
22
What is the remainder when 1025306 is divided by 44573?
127
Calculate the remainder when 1888076 is divided by 145236.
8
What is the remainder when 221619 is divided by 538?
501
Calculate the remainder when 50249793 is divided by 9656.
9625
What is the remainder when 4994449 is divided by 7?
5
Calculate the remainder when 655549487 is divided by 33.
32
Calculate the remainder when 6291657 is divided by 1007.
928
Calculate the remainder when 86310924 is divided by 324477.
42
Calculate the remainder when 207082 is divided by 10291.
1262
What is the remainder when 1320328 is divided by 1320241?
87
What is the remainder when 587487 is divided by 587487?
0
What is the remainder when 5467350 is divided by 8?
6
What is the remainder when 61022335 is divided by 394?
9
Calculate the remainder when 342285617 is divided by 699.
695
What is the remainder when 2047 is divided by 35?
17
What is the remainder when 1506756 is divided by 15?
6
Calculate the remainder when 134956 is divided by 1900.
56
What is the remainder when 64336211 is divided by 7?
2
Calculate the remainder when 306617 is divided by 303.
284
Calculate the remainder when 112697 is divided by 115.
112
Calculate the remainder when 10521259 is divided by 15.
4
What is the remainder when 2730947 is divided by 75?
47
What is the remainder when 665700440 is divided by 108?
104
What is the remainder when 8632267 is divided by 306?
7
What is the remainder when 22921523 is divided by 69?
68
Calculate the remainder when 130068 is divided by 130033.
35
Calculate the remainder when 65832 is divided by 62030.
3802
What is the remainder when 370685 is divided by 1348?
1333
What is the remainder when 14553 is divided by 301?
105
Calculate the remainder when 5306606 is divided by 3417.
5
Calculate the remainder when 1537064 is divided by 153.
26
What is the remainder when 8244348 is divided by 183202?
258
What is the remainder when 2467019 is divided by 74756?
71
Calculate the remainder when 113604 is divided by 55991.
1622
Calculate the remainder when 543381 is divided by 19276.
3653
What is the remainder when 93235 is divided by 57?
40
Calculate the remainder when 328373 is divided by 1859.
1189
What is the remainder when 1399249 is divided by 335?
289
Calculate the remainder when 571264 is divided by 571246.
18
What is the remainder when 5196422 is divided by 68?
66
Calculate the remainder when 642944 is divided by 311.
107
What is the remainder when 94240 is divided by 1474?
1378
What is the remainder when 946222 is divided by 7569?
97
What is the remainder when 51786165 is divided by 6?
3
Calculate the remainder when 46977046 is divided by 28.
18
What is the remainder when 726001 is divided by 121?
1
What is the remainder when 111199 is divided by 548?
503
What is the remainder when 4189678 is divided by 460?
458
Calculate the remainder when 275774 is divided by 4598.
4492
What is the remainder when 2808060 is divided by 1395?
1320
What is the remainder when 140274 is divided by 648?
306
Calculate the remainder when 12003888 is divided by 523.
515
What is the remainder when 85049 is divided by 85014?
35
What is the remainder when 693629 is divided by 28899?
53
Calculate the remainder when 53602125 is divided by 75073.
3
What is the remainder when 72891 is divided by 72560?
331
What is the remainder when 1311056 is divided by 131105?
6
Calculate the remainder when 168192124 is divided by 118.
116
What is the remainder when 197195 is divided by 2052?
203
What is the remainder when 329173199 is divided by 41146648?
15
Calculate the remainder when 30172457 is divided by 69.
68
What is the remainder when 18128869 is divided by 6181?
6177
What is the remainder when 41250 is divided by 550?
0
What is the remainder when 1044851 is divided by 348138?
437
What is the remainder when 101895 is divided by 14531?
178
Calculate the remainder when 46048342 is divided by 1117.
17
What is the remainder when 981730 is divided by 54540?
10
What is the remainder when 7343725 is divided by 159?
151
What is the remainder when 103971 is divided by 4870?
1701
Calculate the remainder when 651337 is divided by 108550.
37
What is the remainder when 287980 is divided by 922?
316
What is the remainder when 63455262 is divided by 27?
24
Calculate the remainder when 388339018 is divided by 180.
178
Calculate the remainder when 428707 is divided by 106868.
1235
Calculate the remainder when 13136 is divided by 54.
14
What is the remainder when 3956109 is divided by 50?
9
Calculate the remainder when 1154515 is divided by 6831.
76
What is the remainder when 439049 is divided by 134?
65
Calculate the remainder when 18660576 is divided by 95207.
4
What is the remainder when 2235184 is divided by 938?
868
What is the remainder when 352648 is divided by 625?
148
What is the remainder when 108197458 is divided by 293218?
16
Calculate the remainder when 37583 is divided by 8965.
1723
What is the remainder when 1276736 is divided by 341?
32
What is the remainder when 113330689 is divided by 195?
4
Calculate the remainder when 1390615 is divided by 516.
511
What is the remainder when 45753 is divided by 1337?
295
Calculate the remainder when 5692039 is divided by 538.
537
What is the remainder when 1483541 is divided by 1807?
1801
What is the remainder when 2020340 is divided by 404059?
45
What is the remainder when 4070595 is divided by 2035254?
87
What is the remainder when 3649894 is divided by 608278?
226
Calculate the remainder when 131606455 is divided by 88.
79
What is the remainder when 36044 is divided by 1358?
736
What is the remainder when 167512351 is divided by 406?
405
What is the remainder when 3433570 is divided by 463?
425
Calculate the remainder when 7635560 is divided by 72033.
62
Calculate the remainder when 2239904 is divided by 746620.
44
What is the remainder when 167770 is divided by 4670?
4320
What is the remainder when 4376732 is divided by 46?
16
What is the remainder when 1328028 is divided by 433?
17
Calculate the remainder when 610185 is divided by 482.
455
What is the remainder when 10053 is divided by 2011?
2009
Calculate the remainder when 131838984 is divided by 152415.
9
Calculate the remainder when 861422 is divided by 861415.
7
Calculate the remainder when 846714 is divided by 415.
114
Calculate the remainder when 37522 is divided by 37309.
213
What is the remainder when 10220066 is divided by 246?
242
What is the remainder when 3092425 is divided by 279?
268
What is the remainder when 69997 is divided by 414?
31
Calculate the remainder when 18484743 is divided by 14.
11
Calculate the remainder when 947790 is divided by 189557.
5
Calculate the remainder when 19909227 is divided by 33.
30
What is the remainder when 6672314 is divided by 68?
18
Calculate the remainder when 3284469 is divided by 47601.
0
Calculate the remainder when 6137764 is divided by 34289.
33
What is the remainder when 16047 is divided by 5416?
5215
Calculate the remainder when 6174366 is divided by 278.
264
Calculate the remainder when 821704 is divided by 1007.
999
Calculate the remainder when 13108458 is divided by 17.
13
Calculate the remainder when 5688161 is divided by 8751.
11
What is the remainder when 1213998 is divided by 202331?
12
What is the remainder when 329420 is divided by 164647?
126
Calculate the remainder when 846580 is divided by 120900.
280
What is the remainder when 34475 is divided by 4862?
441
What is the remainder when 626568 is divided by 280?
208
Calculate the remainder when 2145126 is divided by 34.
32
Calculate the remainder when 12808392 is divided by 214.
64
Calculate the remainder when 110882460 is divided by 352.
348
Calculate the remainder when 42792 is divided by 892.
868
What is the remainder when 591625784 is divided by 70?
64
Calculate the remainder when 29390238 is divided by 131.
126
Calculate the remainder when 778766083 is divided by 11.
7
Calculate the r